{"id":1696,"date":"2024-06-13T08:06:47","date_gmt":"2024-06-13T08:06:47","guid":{"rendered":"https:\/\/www.carrosserie-whow.fr\/?page_id=1696"},"modified":"2026-04-24T12:04:35","modified_gmt":"2026-04-24T12:04:35","slug":"lentreprise","status":"publish","type":"page","link":"https:\/\/www.carrosserie-whow.fr\/?page_id=1696","title":{"rendered":"L\u2019entreprise"},"content":{"rendered":"<div class=\"wpb-content-wrapper\"><p>[vc_row][vc_column][vc_custom_heading text=\u00a0\u00bbGr\u00e2ce \u00e0 notre expertise, les carrosseries Whow<br \/>\ns\u2019engagent \u00e0 proposer la juste r\u00e9paration, au juste prix.\u00a0\u00bb font_container=\u00a0\u00bbtag:h2|text_align:center\u00a0\u00bb][vc_empty_space][vc_custom_heading text=\u00a0\u00bbEntrepreneur\u00a0\u00bb font_container=\u00a0\u00bbtag:h3|text_align:center|color:%23caf816&Prime;][vc_empty_space][vc_row_inner][vc_column_inner width=\u00a0\u00bb1\/2&Prime;][vc_single_image image=\u00a0\u00bb1842&Prime; img_size=\u00a0\u00bb800&#215;600&Prime; alignment=\u00a0\u00bbcenter\u00a0\u00bb onclick=\u00a0\u00bbimg_link_large\u00a0\u00bb css_animation=\u00a0\u00bbfadeInDown\u00a0\u00bb][\/vc_column_inner][vc_column_inner width=\u00a0\u00bb1\/2&Prime;][vc_empty_space height=\u00a0\u00bb90px\u00a0\u00bb][vc_column_text]Depuis 2006, nous avons dirig\u00e9 plusieurs entreprises dans l\u2019industrie automobile, op\u00e9rant \u00e0 la fois sur les march\u00e9s B2C et B2B. Notre succ\u00e8s continu dans ce secteur d\u00e9coule de notre capacit\u00e9 \u00e0 constamment revoir nos mod\u00e8les \u00e9conomiques afin de rester en phase avec les \u00e9volutions du march\u00e9. En r\u00e9ponse aux attentes toujours plus \u00e9lev\u00e9es de nos clients, nous avons adapt\u00e9 et am\u00e9lior\u00e9 nos services de mani\u00e8re proactive pour r\u00e9pondre \u00e0 leurs besoins. Cette flexibilit\u00e9 et cet engagement envers la satisfaction client ont \u00e9t\u00e9 des \u00e9l\u00e9ments cl\u00e9s de notre croissance et de notre p\u00e9rennit\u00e9 dans l\u2019industrie automobile.[\/vc_column_text][\/vc_column_inner][\/vc_row_inner][vc_empty_space height=\u00a0\u00bb64px\u00a0\u00bb][vc_custom_heading text=\u00a0\u00bbHistoire de la carrosserie\u00a0\u00bb font_container=\u00a0\u00bbtag:h3|text_align:center|color:%23caf816&Prime;][vc_empty_space][\/vc_column][\/vc_row][vc_row][vc_column width=\u00a0\u00bb1\/2&Prime;][vc_custom_heading text=\u00a0\u00bbCarrosserie Whow 69&Prime; font_container=\u00a0\u00bbtag:h3|text_align:center|color:%23caf816&Prime;][vc_single_image image=\u00a0\u00bb2130&Prime; img_size=\u00a0\u00bb800 x 600&Prime; alignment=\u00a0\u00bbcenter\u00a0\u00bb onclick=\u00a0\u00bbimg_link_large\u00a0\u00bb css_animation=\u00a0\u00bbfadeInDown\u00a0\u00bb][vc_column_text]D\u00e9couvrez la Carrosserie Nevers, fond\u00e9e par le grand-p\u00e8re, d\u00e9velopp\u00e9e avec passion par le p\u00e8re, et ensuite c\u00e9d\u00e9e au petit-fils. R\u00e9put\u00e9e pour sa qualit\u00e9 depuis des ann\u00e9es \u00e0 Villefranche-sur-Sa\u00f4ne, notre \u00e9tablissement est synonyme d\u2019excellence dans le domaine de la carrosserie.<\/p>\n<p>La Carrosserie Nevers, vendue par le petit-fils devient la carrosserie WHOW. Elle a pour objectif de maintenir et d\u2019am\u00e9liorer son haut niveau de qualit\u00e9. Forte de son savoir-faire et notamment de son expertise en d\u00e9bosselage sans peinture depuis 2002, notre entreprise s\u2019engage \u00e0 continuer \u00e0 offrir des services irr\u00e9prochables \u00e0 sa client\u00e8le.[\/vc_column_text][\/vc_column][vc_column width=\u00a0\u00bb1\/2&Prime;][vc_custom_heading text=\u00a0\u00bbCarrosserie Whow 01&Prime; font_container=\u00a0\u00bbtag:h3|text_align:center|color:%23caf816&Prime;][vc_single_image image=\u00a0\u00bb1911&Prime; img_size=\u00a0\u00bb800&#215;600&Prime;][vc_column_text]<\/p>\n<p class=\"x_MsoNormal\">Fort de sa premi\u00e8re exp\u00e9rience r\u00e9ussie avec la reprise de la Carrosserie Nevers by WHOW, le groupe poursuit son d\u00e9veloppement avec la cr\u00e9ation de la Carrosserie Whow 01, implant\u00e9e dans le d\u00e9partement de l\u2019Ain.<\/p>\n<p class=\"x_MsoNormal\">Filiale du\u00a0Groupe N\u00e9m\u00e9sis, WHOW 01 s\u2019inscrit dans une dynamique de croissance structur\u00e9e, au sein d\u2019un\u00a0groupement de carrosseries\u00a0partageant les m\u00eames valeurs d\u2019excellence, de rigueur et d\u2019innovation.<\/p>\n<p class=\"x_MsoNormal\">Pens\u00e9e comme un\u00a0v\u00e9ritable mod\u00e8le de d\u00e9veloppement, la Carrosserie Whow 01 a pour vocation de prosp\u00e9rer localement et de\u00a0servir de r\u00e9f\u00e9rence pour l\u2019ouverture de nouvelles carrosseries dans d\u2019autres d\u00e9partements<\/p>\n<p>[\/vc_column_text][\/vc_column][\/vc_row]<\/p>\n<\/div>","protected":false},"excerpt":{"rendered":"<p>[vc_row][vc_column][vc_custom_heading text=\u00a0\u00bbGr\u00e2ce \u00e0 notre expertise, les carrosseries Whow s\u2019engagent \u00e0 proposer la juste r\u00e9paration, au juste prix.\u00a0\u00bb font_container=\u00a0\u00bbtag:h2|text_align:center\u00a0\u00bb][vc_empty_space][vc_custom_heading text=\u00a0\u00bbEntrepreneur\u00a0\u00bb font_container=\u00a0\u00bbtag:h3|text_align:center|color:%23caf816&Prime;][vc_empty_space][vc_row_inner][vc_column_inner width=\u00a0\u00bb1\/2&Prime;][vc_single_image image=\u00a0\u00bb1842&Prime; img_size=\u00a0\u00bb800&#215;600&Prime; alignment=\u00a0\u00bbcenter\u00a0\u00bb onclick=\u00a0\u00bbimg_link_large\u00a0\u00bb css_animation=\u00a0\u00bbfadeInDown\u00a0\u00bb][\/vc_column_inner][vc_column_inner width=\u00a0\u00bb1\/2&Prime;][vc_empty_space height=\u00a0\u00bb90px\u00a0\u00bb][vc_column_text]Depuis 2006, nous avons dirig\u00e9 plusieurs entreprises dans l\u2019industrie automobile, op\u00e9rant \u00e0 la fois sur les march\u00e9s B2C et B2B. Notre succ\u00e8s continu dans ce secteur d\u00e9coule de<\/p>\n","protected":false},"author":1,"featured_media":0,"parent":0,"menu_order":0,"comment_status":"closed","ping_status":"closed","template":"","meta":{"footnotes":""},"class_list":["post-1696","page","type-page","status-publish","hentry"],"yoast_head":"<!-- This site is optimized with the Yoast SEO plugin v27.6 - https:\/\/yoast.com\/product\/yoast-seo-wordpress\/ -->\n<title>L\u2019entreprise<\/title>\n<meta name=\"description\" content=\"L\u2019entreprise Carosserie Whow Effectue de la carrosserie traditionnelle, du DSP, des cl\u00e9s et des pare-brises.\" \/>\n<meta name=\"robots\" content=\"index, follow, max-snippet:-1, max-image-preview:large, max-video-preview:-1\" \/>\n<link rel=\"canonical\" href=\"https:\/\/www.carrosserie-whow.fr\/?page_id=1696\" \/>\n<meta property=\"og:locale\" content=\"fr_FR\" \/>\n<meta property=\"og:type\" content=\"article\" \/>\n<meta property=\"og:title\" content=\"L\u2019entreprise\" \/>\n<meta property=\"og:description\" content=\"L\u2019entreprise Carosserie Whow Effectue de la carrosserie traditionnelle, du DSP, des cl\u00e9s et des pare-brises.\" \/>\n<meta property=\"og:url\" content=\"https:\/\/www.carrosserie-whow.fr\/?page_id=1696\" \/>\n<meta property=\"og:site_name\" content=\"Carrosserie WHOW\" \/>\n<meta property=\"article:publisher\" content=\"https:\/\/www.facebook.com\/WhowDSP\" \/>\n<meta property=\"article:modified_time\" content=\"2026-04-24T12:04:35+00:00\" \/>\n<meta name=\"twitter:card\" content=\"summary_large_image\" \/>\n<meta name=\"twitter:site\" content=\"@Whow_fr\" \/>\n<meta name=\"twitter:label1\" content=\"Dur\u00e9e de lecture estim\u00e9e\" \/>\n\t<meta name=\"twitter:data1\" content=\"3 minutes\" \/>\n<script type=\"application\/ld+json\" class=\"yoast-schema-graph\">{\"@context\":\"https:\\\/\\\/schema.org\",\"@graph\":[{\"@type\":\"WebPage\",\"@id\":\"https:\\\/\\\/www.carrosserie-whow.fr\\\/?page_id=1696\",\"url\":\"https:\\\/\\\/www.carrosserie-whow.fr\\\/?page_id=1696\",\"name\":\"L\u2019entreprise\",\"isPartOf\":{\"@id\":\"https:\\\/\\\/www.carrosserie-whow.fr\\\/#website\"},\"datePublished\":\"2024-06-13T08:06:47+00:00\",\"dateModified\":\"2026-04-24T12:04:35+00:00\",\"description\":\"L\u2019entreprise Carosserie Whow Effectue de la carrosserie traditionnelle, du DSP, des cl\u00e9s et des pare-brises.\",\"breadcrumb\":{\"@id\":\"https:\\\/\\\/www.carrosserie-whow.fr\\\/?page_id=1696#breadcrumb\"},\"inLanguage\":\"fr-FR\",\"potentialAction\":[{\"@type\":\"ReadAction\",\"target\":[\"https:\\\/\\\/www.carrosserie-whow.fr\\\/?page_id=1696\"]}]},{\"@type\":\"BreadcrumbList\",\"@id\":\"https:\\\/\\\/www.carrosserie-whow.fr\\\/?page_id=1696#breadcrumb\",\"itemListElement\":[{\"@type\":\"ListItem\",\"position\":1,\"name\":\"Accueil\",\"item\":\"https:\\\/\\\/www.carrosserie-whow.fr\\\/\"},{\"@type\":\"ListItem\",\"position\":2,\"name\":\"L\u2019entreprise\"}]},{\"@type\":\"WebSite\",\"@id\":\"https:\\\/\\\/www.carrosserie-whow.fr\\\/#website\",\"url\":\"https:\\\/\\\/www.carrosserie-whow.fr\\\/\",\"name\":\"Carrosserie WHOW\",\"description\":\"\",\"publisher\":{\"@id\":\"https:\\\/\\\/www.carrosserie-whow.fr\\\/#organization\"},\"potentialAction\":[{\"@type\":\"SearchAction\",\"target\":{\"@type\":\"EntryPoint\",\"urlTemplate\":\"https:\\\/\\\/www.carrosserie-whow.fr\\\/?s={search_term_string}\"},\"query-input\":{\"@type\":\"PropertyValueSpecification\",\"valueRequired\":true,\"valueName\":\"search_term_string\"}}],\"inLanguage\":\"fr-FR\"},{\"@type\":\"Organization\",\"@id\":\"https:\\\/\\\/www.carrosserie-whow.fr\\\/#organization\",\"name\":\"Carrosserie WHOW\",\"url\":\"https:\\\/\\\/www.carrosserie-whow.fr\\\/\",\"logo\":{\"@type\":\"ImageObject\",\"inLanguage\":\"fr-FR\",\"@id\":\"https:\\\/\\\/www.carrosserie-whow.fr\\\/#\\\/schema\\\/logo\\\/image\\\/\",\"url\":\"https:\\\/\\\/www.carrosserie-whow.fr\\\/wp-content\\\/uploads\\\/2024\\\/05\\\/IMG_0633.png\",\"contentUrl\":\"https:\\\/\\\/www.carrosserie-whow.fr\\\/wp-content\\\/uploads\\\/2024\\\/05\\\/IMG_0633.png\",\"width\":3508,\"height\":2480,\"caption\":\"Carrosserie WHOW\"},\"image\":{\"@id\":\"https:\\\/\\\/www.carrosserie-whow.fr\\\/#\\\/schema\\\/logo\\\/image\\\/\"},\"sameAs\":[\"https:\\\/\\\/www.facebook.com\\\/WhowDSP\",\"https:\\\/\\\/x.com\\\/Whow_fr\",\"https:\\\/\\\/www.instagram.com\\\/whow.dsp\\\/\"]}]}<\/script>\n<!-- \/ Yoast SEO plugin. -->","yoast_head_json":{"title":"L\u2019entreprise","description":"L\u2019entreprise Carosserie Whow Effectue de la carrosserie traditionnelle, du DSP, des cl\u00e9s et des pare-brises.","robots":{"index":"index","follow":"follow","max-snippet":"max-snippet:-1","max-image-preview":"max-image-preview:large","max-video-preview":"max-video-preview:-1"},"canonical":"https:\/\/www.carrosserie-whow.fr\/?page_id=1696","og_locale":"fr_FR","og_type":"article","og_title":"L\u2019entreprise","og_description":"L\u2019entreprise Carosserie Whow Effectue de la carrosserie traditionnelle, du DSP, des cl\u00e9s et des pare-brises.","og_url":"https:\/\/www.carrosserie-whow.fr\/?page_id=1696","og_site_name":"Carrosserie WHOW","article_publisher":"https:\/\/www.facebook.com\/WhowDSP","article_modified_time":"2026-04-24T12:04:35+00:00","twitter_card":"summary_large_image","twitter_site":"@Whow_fr","twitter_misc":{"Dur\u00e9e de lecture estim\u00e9e":"3 minutes"},"schema":{"@context":"https:\/\/schema.org","@graph":[{"@type":"WebPage","@id":"https:\/\/www.carrosserie-whow.fr\/?page_id=1696","url":"https:\/\/www.carrosserie-whow.fr\/?page_id=1696","name":"L\u2019entreprise","isPartOf":{"@id":"https:\/\/www.carrosserie-whow.fr\/#website"},"datePublished":"2024-06-13T08:06:47+00:00","dateModified":"2026-04-24T12:04:35+00:00","description":"L\u2019entreprise Carosserie Whow Effectue de la carrosserie traditionnelle, du DSP, des cl\u00e9s et des pare-brises.","breadcrumb":{"@id":"https:\/\/www.carrosserie-whow.fr\/?page_id=1696#breadcrumb"},"inLanguage":"fr-FR","potentialAction":[{"@type":"ReadAction","target":["https:\/\/www.carrosserie-whow.fr\/?page_id=1696"]}]},{"@type":"BreadcrumbList","@id":"https:\/\/www.carrosserie-whow.fr\/?page_id=1696#breadcrumb","itemListElement":[{"@type":"ListItem","position":1,"name":"Accueil","item":"https:\/\/www.carrosserie-whow.fr\/"},{"@type":"ListItem","position":2,"name":"L\u2019entreprise"}]},{"@type":"WebSite","@id":"https:\/\/www.carrosserie-whow.fr\/#website","url":"https:\/\/www.carrosserie-whow.fr\/","name":"Carrosserie WHOW","description":"","publisher":{"@id":"https:\/\/www.carrosserie-whow.fr\/#organization"},"potentialAction":[{"@type":"SearchAction","target":{"@type":"EntryPoint","urlTemplate":"https:\/\/www.carrosserie-whow.fr\/?s={search_term_string}"},"query-input":{"@type":"PropertyValueSpecification","valueRequired":true,"valueName":"search_term_string"}}],"inLanguage":"fr-FR"},{"@type":"Organization","@id":"https:\/\/www.carrosserie-whow.fr\/#organization","name":"Carrosserie WHOW","url":"https:\/\/www.carrosserie-whow.fr\/","logo":{"@type":"ImageObject","inLanguage":"fr-FR","@id":"https:\/\/www.carrosserie-whow.fr\/#\/schema\/logo\/image\/","url":"https:\/\/www.carrosserie-whow.fr\/wp-content\/uploads\/2024\/05\/IMG_0633.png","contentUrl":"https:\/\/www.carrosserie-whow.fr\/wp-content\/uploads\/2024\/05\/IMG_0633.png","width":3508,"height":2480,"caption":"Carrosserie WHOW"},"image":{"@id":"https:\/\/www.carrosserie-whow.fr\/#\/schema\/logo\/image\/"},"sameAs":["https:\/\/www.facebook.com\/WhowDSP","https:\/\/x.com\/Whow_fr","https:\/\/www.instagram.com\/whow.dsp\/"]}]}},"_links":{"self":[{"href":"https:\/\/www.carrosserie-whow.fr\/index.php?rest_route=\/wp\/v2\/pages\/1696","targetHints":{"allow":["GET"]}}],"collection":[{"href":"https:\/\/www.carrosserie-whow.fr\/index.php?rest_route=\/wp\/v2\/pages"}],"about":[{"href":"https:\/\/www.carrosserie-whow.fr\/index.php?rest_route=\/wp\/v2\/types\/page"}],"author":[{"embeddable":true,"href":"https:\/\/www.carrosserie-whow.fr\/index.php?rest_route=\/wp\/v2\/users\/1"}],"replies":[{"embeddable":true,"href":"https:\/\/www.carrosserie-whow.fr\/index.php?rest_route=%2Fwp%2Fv2%2Fcomments&post=1696"}],"version-history":[{"count":15,"href":"https:\/\/www.carrosserie-whow.fr\/index.php?rest_route=\/wp\/v2\/pages\/1696\/revisions"}],"predecessor-version":[{"id":2131,"href":"https:\/\/www.carrosserie-whow.fr\/index.php?rest_route=\/wp\/v2\/pages\/1696\/revisions\/2131"}],"wp:attachment":[{"href":"https:\/\/www.carrosserie-whow.fr\/index.php?rest_route=%2Fwp%2Fv2%2Fmedia&parent=1696"}],"curies":[{"name":"wp","href":"https:\/\/api.w.org\/{rel}","templated":true}]}}